{"id":1656,"date":"2018-12-31T15:52:30","date_gmt":"2018-12-31T14:52:30","guid":{"rendered":"https:\/\/www.fw-oebb.at\/?page_id=1656"},"modified":"2019-07-25T12:41:23","modified_gmt":"2019-07-25T11:41:23","slug":"vlf","status":"publish","type":"page","link":"https:\/\/www.fw-oebb.at\/index.php\/vlf\/","title":{"rendered":"VLF"},"content":{"rendered":"\n<table id=\"tablepress-25\" class=\"tablepress tablepress-id-25\">\n<tbody class=\"row-striping row-hover\">\n<tr class=\"row-1\">\n\t<td class=\"column-1\"><strong>Bezeichnung<\/strong><\/td><td class=\"column-2\">VLF - Voraus L\u00f6sch Fahrzeug<\/td>\n<\/tr>\n<tr class=\"row-2\">\n\t<td class=\"column-1\"><strong>Hersteller\/Marke<\/strong><\/td><td class=\"column-2\">Nissan Navara 4x4<\/td>\n<\/tr>\n<tr class=\"row-3\">\n\t<td class=\"column-1\"><strong>Baujahr<\/strong><\/td><td class=\"column-2\">2016<\/td>\n<\/tr>\n<tr class=\"row-4\">\n\t<td class=\"column-1\"><strong>Aufbauer<\/strong><\/td><td class=\"column-2\">Lins Fahrzeugtechnik<\/td>\n<\/tr>\n<tr class=\"row-5\">\n\t<td class=\"column-1\"><strong>Mannschaft<\/strong><\/td><td class=\"column-2\">1 : 3<\/td>\n<\/tr>\n<tr class=\"row-6\">\n\t<td class=\"column-1\"><strong>Getriebe<\/strong><\/td><td class=\"column-2\">Automatik<\/td>\n<\/tr>\n<tr class=\"row-7\">\n\t<td class=\"column-1\"><strong>Leistung<\/strong><\/td><td class=\"column-2\">141 kW (~ 192 PS)<\/td>\n<\/tr>\n<\/tbody>\n<\/table>\n<!-- #tablepress-25 from cache -->\nngg_shortcode_0_placeholder\n<p>Das Voraus L\u00f6sch Fahrzeug, kurz VLF, ist&nbsp; f\u00fcr Kleinsteins\u00e4tze konzipiert. Sollte ein gr\u00f6\u00dferer Einsatz abzuarbeiten sein, wird immer gleichzeitig zu unserer Alarmierung auch die zust\u00e4ndige Ortsfeuerwehr mitalarmiert.<\/p>\n<p><strong>Beladung:<\/strong><\/p>\n<ul>\n<li>Erdungsstangen<\/li>\n<li>Notstromagregat<\/li>\n<li>CAFS-Trolley<\/li>\n<li>diverses Beleuchtungsequipment<\/li>\n<li>Absperrmaterial<\/li>\n<li>Erste-Hilfe Rucksack<\/li>\n<\/ul>\n","protected":false},"excerpt":{"rendered":"<p>&nbsp; Das Voraus L\u00f6sch Fahrzeug, kurz VLF, ist&nbsp; f\u00fcr Kleinsteins\u00e4tze konzipiert. Sollte ein gr\u00f6\u00dferer Einsatz abzuarbeiten sein, wird immer gleichzeitig zu unserer [&hellip;]<\/p>\n","protected":false},"author":2,"featured_media":0,"parent":0,"menu_order":0,"comment_status":"closed","ping_status":"closed","template":"","meta":{"ngg_post_thumbnail":0,"footnotes":""},"class_list":["post-1656","page","type-page","status-publish","hentry"],"_links":{"self":[{"href":"https:\/\/www.fw-oebb.at\/index.php\/wp-json\/wp\/v2\/pages\/1656","targetHints":{"allow":["GET"]}}],"collection":[{"href":"https:\/\/www.fw-oebb.at\/index.php\/wp-json\/wp\/v2\/pages"}],"about":[{"href":"https:\/\/www.fw-oebb.at\/index.php\/wp-json\/wp\/v2\/types\/page"}],"author":[{"embeddable":true,"href":"https:\/\/www.fw-oebb.at\/index.php\/wp-json\/wp\/v2\/users\/2"}],"replies":[{"embeddable":true,"href":"https:\/\/www.fw-oebb.at\/index.php\/wp-json\/wp\/v2\/comments?post=1656"}],"version-history":[{"count":7,"href":"https:\/\/www.fw-oebb.at\/index.php\/wp-json\/wp\/v2\/pages\/1656\/revisions"}],"predecessor-version":[{"id":2602,"href":"https:\/\/www.fw-oebb.at\/index.php\/wp-json\/wp\/v2\/pages\/1656\/revisions\/2602"}],"wp:attachment":[{"href":"https:\/\/www.fw-oebb.at\/index.php\/wp-json\/wp\/v2\/media?parent=1656"}],"curies":[{"name":"wp","href":"https:\/\/api.w.org\/{rel}","templated":true}]}}

<table id="tablepress-25" class="tablepress tablepress-id-25">
<tbody class="row-striping row-hover">
<tr class="row-1">
	<td class="column-1"><strong>Bezeichnung</strong></td><td class="column-2">VLF - Voraus Lösch Fahrzeug</td>
</tr>
<tr class="row-2">
	<td class="column-1"><strong>Hersteller/Marke</strong></td><td class="column-2">Nissan Navara 4x4</td>
</tr>
<tr class="row-3">
	<td class="column-1"><strong>Baujahr</strong></td><td class="column-2">2016</td>
</tr>
<tr class="row-4">
	<td class="column-1"><strong>Aufbauer</strong></td><td class="column-2">Lins Fahrzeugtechnik</td>
</tr>
<tr class="row-5">
	<td class="column-1"><strong>Mannschaft</strong></td><td class="column-2">1 : 3</td>
</tr>
<tr class="row-6">
	<td class="column-1"><strong>Getriebe</strong></td><td class="column-2">Automatik</td>
</tr>
<tr class="row-7">
	<td class="column-1"><strong>Leistung</strong></td><td class="column-2">141 kW (~ 192 PS)</td>
</tr>
</tbody>
</table>
<!-- #tablepress-25 from cache -->
ngg_shortcode_0_placeholder
<p>Das Voraus Lösch Fahrzeug, kurz VLF, ist&nbsp; für Kleinsteinsätze konzipiert. Sollte ein größerer Einsatz abzuarbeiten sein, wird immer gleichzeitig zu unserer Alarmierung auch die zuständige Ortsfeuerwehr mitalarmiert.</p>
<p><strong>Beladung:</strong></p>
<ul>
<li>Erdungsstangen</li>
<li>Notstromagregat</li>
<li>CAFS-Trolley</li>
<li>diverses Beleuchtungsequipment</li>
<li>Absperrmaterial</li>
<li>Erste-Hilfe Rucksack</li>
</ul>

<p>&nbsp; Das Voraus Lösch Fahrzeug, kurz VLF, ist&nbsp; für Kleinsteinsätze konzipiert. Sollte ein größerer Einsatz abzuarbeiten sein, wird immer gleichzeitig zu unserer [&hellip;]</p>
