{"id":17,"date":"2018-10-04T18:11:34","date_gmt":"2018-10-04T16:11:34","guid":{"rendered":"http:\/\/wordpress.btf317.at\/?page_id=17"},"modified":"2019-07-25T12:39:24","modified_gmt":"2019-07-25T11:39:24","slug":"ulf","status":"publish","type":"page","link":"https:\/\/www.fw-oebb.at\/index.php\/ulf\/","title":{"rendered":"ULF &#8211; Universal L\u00f6schfahrzeug"},"content":{"rendered":"\n<table id=\"tablepress-12\" class=\"tablepress tablepress-id-12\">\n<tbody class=\"row-striping row-hover\">\n<tr class=\"row-1\">\n\t<td class=\"column-1\"><strong>Bezeichnung<\/strong><\/td><td class=\"column-2\">ULF - Universal L\u00f6schfahrzeug<\/td>\n<\/tr>\n<tr class=\"row-2\">\n\t<td class=\"column-1\"><strong>Hersteller\/Marke<\/strong><\/td><td class=\"column-2\">Steyr 16 S 4x4<\/td>\n<\/tr>\n<tr class=\"row-3\">\n\t<td class=\"column-1\"><strong>Baujahr<\/strong><\/td><td class=\"column-2\">1995<\/td>\n<\/tr>\n<tr class=\"row-4\">\n\t<td class=\"column-1\"><strong>Aufbauer<\/strong><\/td><td class=\"column-2\">Marte<\/td>\n<\/tr>\n<tr class=\"row-5\">\n\t<td class=\"column-1\"><strong>Wassertank<\/strong><\/td><td class=\"column-2\">2000 Liter<\/td>\n<\/tr>\n<tr class=\"row-6\">\n\t<td class=\"column-1\"><strong>Schaumtank<\/strong><\/td><td class=\"column-2\">800 Liter<\/td>\n<\/tr>\n<tr class=\"row-7\">\n\t<td class=\"column-1\"><strong>Pulvertank<\/strong><\/td><td class=\"column-2\">500 kg<\/td>\n<\/tr>\n<tr class=\"row-8\">\n\t<td class=\"column-1\"><strong>Mannschaft<\/strong><\/td><td class=\"column-2\">1 : 6<\/td>\n<\/tr>\n<tr class=\"row-9\">\n\t<td class=\"column-1\"><strong>h\u00f6chst. zul. Gesamtgewicht<\/strong><\/td><td class=\"column-2\">16 Tonnen<\/td>\n<\/tr>\n<tr class=\"row-10\">\n\t<td class=\"column-1\"><strong>Getriebe<\/strong><\/td><td class=\"column-2\">Schaltgetriebe<\/td>\n<\/tr>\n<tr class=\"row-11\">\n\t<td class=\"column-1\"><strong>Leistung<\/strong><\/td><td class=\"column-2\">191 kW (~ 260 PS)<\/td>\n<\/tr>\n<\/tbody>\n<\/table>\n\nngg_shortcode_0_placeholder\n<p>Das Universal L\u00f6schfahrzeug ist f\u00fcr jegliche Art von Brandbek\u00e4mpfung vorgesehen. Neben dem 2000 Liter Wassertank stehen 800 Liter Schaum und 500 kg Pulver f\u00fcr die verschiedenen Brandklassen zur Verf\u00fcgung.<\/p>\n<p><strong>Beladung:<\/strong><\/p>\n<ul>\n<li>3x Atemschutzger\u00e4te 300 Bar \u00dcberdruck<\/li>\n<li>9x Schlauchtragekorb mit je 3 Stk. C 42 Druckschlauch<\/li>\n<li>1x Schlauchpaket<\/li>\n<li>Hochdruckhaspel links und rechts mit je 60 Meter Hochdruckschlauch<\/li>\n<li>Wasserwerfer auf dem Dach<\/li>\n<li>automatisch oszylilierender tragbarer Wasserwerfer<\/li>\n<li>Beleuchtungsmaterial<\/li>\n<li>Absperrmaterial<\/li>\n<li>4x Steckleitern<\/li>\n<li>2x Unterflurhydrant<\/li>\n<\/ul>\n","protected":false},"excerpt":{"rendered":"<p>&nbsp; Das Universal L\u00f6schfahrzeug ist f\u00fcr jegliche Art von Brandbek\u00e4mpfung vorgesehen. Neben dem 2000 Liter Wassertank stehen 800 Liter Schaum und 500 [&hellip;]<\/p>\n","protected":false},"author":2,"featured_media":0,"parent":0,"menu_order":0,"comment_status":"closed","ping_status":"closed","template":"","meta":{"ngg_post_thumbnail":0,"footnotes":""},"class_list":["post-17","page","type-page","status-publish","hentry"],"_links":{"self":[{"href":"https:\/\/www.fw-oebb.at\/index.php\/wp-json\/wp\/v2\/pages\/17","targetHints":{"allow":["GET"]}}],"collection":[{"href":"https:\/\/www.fw-oebb.at\/index.php\/wp-json\/wp\/v2\/pages"}],"about":[{"href":"https:\/\/www.fw-oebb.at\/index.php\/wp-json\/wp\/v2\/types\/page"}],"author":[{"embeddable":true,"href":"https:\/\/www.fw-oebb.at\/index.php\/wp-json\/wp\/v2\/users\/2"}],"replies":[{"embeddable":true,"href":"https:\/\/www.fw-oebb.at\/index.php\/wp-json\/wp\/v2\/comments?post=17"}],"version-history":[{"count":6,"href":"https:\/\/www.fw-oebb.at\/index.php\/wp-json\/wp\/v2\/pages\/17\/revisions"}],"predecessor-version":[{"id":2599,"href":"https:\/\/www.fw-oebb.at\/index.php\/wp-json\/wp\/v2\/pages\/17\/revisions\/2599"}],"wp:attachment":[{"href":"https:\/\/www.fw-oebb.at\/index.php\/wp-json\/wp\/v2\/media?parent=17"}],"curies":[{"name":"wp","href":"https:\/\/api.w.org\/{rel}","templated":true}]}}