{"id":19,"date":"2018-10-04T18:11:34","date_gmt":"2018-10-04T16:11:34","guid":{"rendered":"http:\/\/wordpress.btf317.at\/?page_id=19"},"modified":"2019-07-25T12:40:39","modified_gmt":"2019-07-25T11:40:39","slug":"vf-quad","status":"publish","type":"page","link":"https:\/\/www.fw-oebb.at\/index.php\/vf-quad\/","title":{"rendered":"VF (Quad)"},"content":{"rendered":"\n<table id=\"tablepress-15\" class=\"tablepress tablepress-id-15\">\n<tbody class=\"row-striping row-hover\">\n<tr class=\"row-1\">\n\t<td class=\"column-1\"><strong>Bezeichnung<\/strong><\/td><td class=\"column-2\">VF - Versorgungsfahrzeug<\/td>\n<\/tr>\n<tr class=\"row-2\">\n\t<td class=\"column-1\"><strong>Hersteller\/Marke<\/strong><\/td><td class=\"column-2\">TGB \/ Blade 550 IRS 4x4<\/td>\n<\/tr>\n<tr class=\"row-3\">\n\t<td class=\"column-1\"><strong>Baujahr<\/strong><\/td><td class=\"column-2\">2015<\/td>\n<\/tr>\n<tr class=\"row-4\">\n\t<td class=\"column-1\"><strong>Aufbauer<\/strong><\/td><td class=\"column-2\">Lins Fahrzeugbau<\/td>\n<\/tr>\n<tr class=\"row-5\">\n\t<td class=\"column-1\"><strong>Mannschaft<\/strong><\/td><td class=\"column-2\">1 : 1<\/td>\n<\/tr>\n<tr class=\"row-6\">\n\t<td class=\"column-1\"><strong>Getriebe<\/strong><\/td><td class=\"column-2\">Schaltgetriebe<\/td>\n<\/tr>\n<tr class=\"row-7\">\n\t<td class=\"column-1\"><strong>Leistung<\/strong><\/td><td class=\"column-2\">14,8 kW (~ 20 PS)<\/td>\n<\/tr>\n<\/tbody>\n<\/table>\n<!-- #tablepress-15 from cache -->\nngg_shortcode_0_placeholder\n<p>Dieses Quad wurde im Jahr 2015 mit dem Umbau des Container Terminals Wolfurt angeschafft. Zweck dieses Fahrzeuges ist es, im Gebiet im gesamten Areal des G\u00fcterabahnhofes Wolfurt eine rasche Erkundung und erste Beurteilung der Lage im Einsatzfalle durchf\u00fchren zu k\u00f6nnen. Mit diesem Fahrzeug ist es m\u00f6glich, auch \u00fcber Gleise und kleinere Hindernisse zu fahren. Somit kann Material und Mannschaft auch dorthin transportiert werden, wo normale Fahrzeuge nicht mehr zufahren k\u00f6nnen. Das Fahrzeug verf\u00fcgt auch \u00fcber eine Anh\u00e4ngekupplung, an welche im Bedarfsfall auch ein Anh\u00e4nger angeschlossen werden kann. Im vorderen Teil ist eine Seilwinde verbaut und vorne und hinten befinden sich auch Arbeitsscheinwerfer.<\/p>\n<p>Des Weiteren kann das Fahzeug auch auf einen Anh\u00e4nger verladen werden und auch zu Eins\u00e4tzen Abseits des G\u00fcterbahnhofes Wolfurt verfrachtet werden.<\/p>\n<p><strong>Beladung Kofferaufbau vorne:<\/strong><\/p>\n<ul>\n<li>Handfunkger\u00e4t<\/li>\n<li>Verbandskasten<\/li>\n<li>Druckluft Signalhorn<\/li>\n<li>KFZ Feuerl\u00f6scher<\/li>\n<\/ul>\n<p><strong>Beladung Kofferaufbau hinten:<\/strong><\/p>\n<ul>\n<li>2x FW \u00d6BB Motorradhelm<\/li>\n<li>im Bedarfsfall wird hier Material an den Einsatzort gebracht<\/li>\n<\/ul>\n<p>&nbsp;<\/p>\n","protected":false},"excerpt":{"rendered":"<p>&nbsp; Dieses Quad wurde im Jahr 2015 mit dem Umbau des Container Terminals Wolfurt angeschafft. Zweck dieses Fahrzeuges ist es, im Gebiet [&hellip;]<\/p>\n","protected":false},"author":2,"featured_media":0,"parent":0,"menu_order":0,"comment_status":"closed","ping_status":"closed","template":"","meta":{"ngg_post_thumbnail":0,"footnotes":""},"class_list":["post-19","page","type-page","status-publish","hentry"],"_links":{"self":[{"href":"https:\/\/www.fw-oebb.at\/index.php\/wp-json\/wp\/v2\/pages\/19","targetHints":{"allow":["GET"]}}],"collection":[{"href":"https:\/\/www.fw-oebb.at\/index.php\/wp-json\/wp\/v2\/pages"}],"about":[{"href":"https:\/\/www.fw-oebb.at\/index.php\/wp-json\/wp\/v2\/types\/page"}],"author":[{"embeddable":true,"href":"https:\/\/www.fw-oebb.at\/index.php\/wp-json\/wp\/v2\/users\/2"}],"replies":[{"embeddable":true,"href":"https:\/\/www.fw-oebb.at\/index.php\/wp-json\/wp\/v2\/comments?post=19"}],"version-history":[{"count":7,"href":"https:\/\/www.fw-oebb.at\/index.php\/wp-json\/wp\/v2\/pages\/19\/revisions"}],"predecessor-version":[{"id":2601,"href":"https:\/\/www.fw-oebb.at\/index.php\/wp-json\/wp\/v2\/pages\/19\/revisions\/2601"}],"wp:attachment":[{"href":"https:\/\/www.fw-oebb.at\/index.php\/wp-json\/wp\/v2\/media?parent=19"}],"curies":[{"name":"wp","href":"https:\/\/api.w.org\/{rel}","templated":true}]}}

<table id="tablepress-15" class="tablepress tablepress-id-15">
<tbody class="row-striping row-hover">
<tr class="row-1">
	<td class="column-1"><strong>Bezeichnung</strong></td><td class="column-2">VF - Versorgungsfahrzeug</td>
</tr>
<tr class="row-2">
	<td class="column-1"><strong>Hersteller/Marke</strong></td><td class="column-2">TGB / Blade 550 IRS 4x4</td>
</tr>
<tr class="row-3">
	<td class="column-1"><strong>Baujahr</strong></td><td class="column-2">2015</td>
</tr>
<tr class="row-4">
	<td class="column-1"><strong>Aufbauer</strong></td><td class="column-2">Lins Fahrzeugbau</td>
</tr>
<tr class="row-5">
	<td class="column-1"><strong>Mannschaft</strong></td><td class="column-2">1 : 1</td>
</tr>
<tr class="row-6">
	<td class="column-1"><strong>Getriebe</strong></td><td class="column-2">Schaltgetriebe</td>
</tr>
<tr class="row-7">
	<td class="column-1"><strong>Leistung</strong></td><td class="column-2">14,8 kW (~ 20 PS)</td>
</tr>
</tbody>
</table>
<!-- #tablepress-15 from cache -->
ngg_shortcode_0_placeholder
<p>Dieses Quad wurde im Jahr 2015 mit dem Umbau des Container Terminals Wolfurt angeschafft. Zweck dieses Fahrzeuges ist es, im Gebiet im gesamten Areal des Güterabahnhofes Wolfurt eine rasche Erkundung und erste Beurteilung der Lage im Einsatzfalle durchführen zu können. Mit diesem Fahrzeug ist es möglich, auch über Gleise und kleinere Hindernisse zu fahren. Somit kann Material und Mannschaft auch dorthin transportiert werden, wo normale Fahrzeuge nicht mehr zufahren können. Das Fahrzeug verfügt auch über eine Anhängekupplung, an welche im Bedarfsfall auch ein Anhänger angeschlossen werden kann. Im vorderen Teil ist eine Seilwinde verbaut und vorne und hinten befinden sich auch Arbeitsscheinwerfer.</p>
<p>Des Weiteren kann das Fahzeug auch auf einen Anhänger verladen werden und auch zu Einsätzen Abseits des Güterbahnhofes Wolfurt verfrachtet werden.</p>
<p><strong>Beladung Kofferaufbau vorne:</strong></p>
<ul>
<li>Handfunkgerät</li>
<li>Verbandskasten</li>
<li>Druckluft Signalhorn</li>
<li>KFZ Feuerlöscher</li>
</ul>
<p><strong>Beladung Kofferaufbau hinten:</strong></p>
<ul>
<li>2x FW ÖBB Motorradhelm</li>
<li>im Bedarfsfall wird hier Material an den Einsatzort gebracht</li>
</ul>
<p>&nbsp;</p>
