{"id":3865,"date":"2020-10-02T15:09:55","date_gmt":"2020-10-02T14:09:55","guid":{"rendered":"https:\/\/www.fw-oebb.at\/?page_id=3865"},"modified":"2022-12-05T19:16:50","modified_gmt":"2022-12-05T18:16:50","slug":"kommandofahrzeuge","status":"publish","type":"page","link":"https:\/\/www.fw-oebb.at\/index.php\/fuhrpark\/kommandofahrzeuge\/","title":{"rendered":"Kommandofahrzeuge"},"content":{"rendered":"\t\t<div data-elementor-type=\"wp-page\" data-elementor-id=\"3865\" class=\"elementor elementor-3865\">\n\t\t\t\t\t\t<section class=\"elementor-section elementor-top-section elementor-element elementor-element-2de04744 elementor-section-boxed elementor-section-height-default elementor-section-height-default\" data-id=\"2de04744\" data-element_type=\"section\" data-e-type=\"section\">\n\t\t\t\t\t\t<div class=\"elementor-container elementor-column-gap-default\">\n\t\t\t\t\t<div class=\"elementor-column elementor-col-100 elementor-top-column elementor-element elementor-element-1aa54d7d\" data-id=\"1aa54d7d\" data-element_type=\"column\" data-e-type=\"column\">\n\t\t\t<div class=\"elementor-widget-wrap elementor-element-populated\">\n\t\t\t\t\t\t<div class=\"elementor-element elementor-element-b8732d6 elementor-widget elementor-widget-text-editor\" data-id=\"b8732d6\" data-element_type=\"widget\" data-e-type=\"widget\" data-widget_type=\"text-editor.default\">\n\t\t\t\t<div class=\"elementor-widget-container\">\n\t\t\t\t\t\t\t\t\t<p><span style=\"color: var( --e-global-color-text ); font-family: var( --e-global-typography-text-font-family ); font-weight: var( --e-global-typography-text-font-weight );\">Damit die Feuerwehr \u00d6BB schnellstm\u00f6glich mit einer ersten Mannschaft im gesamten Bundesland Vorarlberg am Einsatzort ist, verf\u00fcgt die Feuerwehr \u00d6BB \u00fcber 3 Kommandofahrzeuge. Diese Fahrzeuge werden auch f\u00fcr Fahrten zu den St\u00fctzpunkten Bludenz, N\u00fcziders und Feldkirch sowie f\u00fcr Ausbildungen am Feuerwehr-Ausbildungs-Zentrum und f\u00fcr diverse Wartungsfahrten beim L\u00f6schzug verwendet.<\/span><\/p>\t\t\t\t\t\t\t\t<\/div>\n\t\t\t\t<\/div>\n\t\t\t\t<div class=\"elementor-element elementor-element-1ea6fe7 elementor-widget elementor-widget-text-editor\" data-id=\"1ea6fe7\" data-element_type=\"widget\" data-e-type=\"widget\" data-widget_type=\"text-editor.default\">\n\t\t\t\t<div class=\"elementor-widget-container\">\n\t\t\t\t\t\t\t\t\t<h2>KDO 1<\/h2>\n<table id=\"tablepress-16\" class=\"tablepress tablepress-id-16\">\n<tbody class=\"row-striping row-hover\">\n<tr class=\"row-1\">\n\t<td class=\"column-1\"><strong>Bezeichnung<\/strong><\/td><td class=\"column-2\">KDO 1 &#8211; Kommando Fahrzeug 1<\/td>\n<\/tr>\n<tr class=\"row-2\">\n\t<td class=\"column-1\"><strong>Hersteller\/Marke<\/strong><\/td><td class=\"column-2\">Skoda Octavia Scout<\/td>\n<\/tr>\n<tr class=\"row-3\">\n\t<td class=\"column-1\"><strong>Baujahr<\/strong><\/td><td class=\"column-2\">2015<\/td>\n<\/tr>\n<tr class=\"row-4\">\n\t<td class=\"column-1\"><strong>Aufbauer<\/strong><\/td><td class=\"column-2\">Lins Fahrzeugbau<\/td>\n<\/tr>\n<tr class=\"row-5\">\n\t<td class=\"column-1\"><strong>Mannschaft<\/strong><\/td><td class=\"column-2\">1 : 4<\/td>\n<\/tr>\n<tr class=\"row-6\">\n\t<td class=\"column-1\"><strong>Getriebe<\/strong><\/td><td class=\"column-2\">Schaltgetriebe<\/td>\n<\/tr>\n<tr class=\"row-7\">\n\t<td class=\"column-1\"><strong>Leistung<\/strong><\/td><td class=\"column-2\">110 kW (~ 150 PS)<\/td>\n<\/tr>\n<\/tbody>\n<\/table>\n<!-- #tablepress-16 from cache --><p>\u00a0<\/p>\t\t\t\t\t\t\t\t<\/div>\n\t\t\t\t<\/div>\n\t\t\t\t<div class=\"elementor-element elementor-element-7c53a7b elementor-widget elementor-widget-image\" data-id=\"7c53a7b\" data-element_type=\"widget\" data-e-type=\"widget\" data-widget_type=\"image.default\">\n\t\t\t\t<div class=\"elementor-widget-container\">\n\t\t\t\t\t\t\t\t\t\t\t\t\t\t\t<img fetchpriority=\"high\" decoding=\"async\" width=\"768\" height=\"576\" src=\"https:\/\/www.fw-oebb.at\/wp-content\/uploads\/2020\/10\/20190822-T-4-Ubernahme-neus-KDO-768x576.jpg\" class=\"attachment-medium_large size-medium_large wp-image-3872\" alt=\"\" srcset=\"https:\/\/www.fw-oebb.at\/wp-content\/uploads\/2020\/10\/20190822-T-4-Ubernahme-neus-KDO-768x576.jpg 768w, https:\/\/www.fw-oebb.at\/wp-content\/uploads\/2020\/10\/20190822-T-4-Ubernahme-neus-KDO-300x225.jpg 300w, https:\/\/www.fw-oebb.at\/wp-content\/uploads\/2020\/10\/20190822-T-4-Ubernahme-neus-KDO-1024x768.jpg 1024w, https:\/\/www.fw-oebb.at\/wp-content\/uploads\/2020\/10\/20190822-T-4-Ubernahme-neus-KDO-1536x1152.jpg 1536w, https:\/\/www.fw-oebb.at\/wp-content\/uploads\/2020\/10\/20190822-T-4-Ubernahme-neus-KDO-830x623.jpg 830w, https:\/\/www.fw-oebb.at\/wp-content\/uploads\/2020\/10\/20190822-T-4-Ubernahme-neus-KDO-230x173.jpg 230w, https:\/\/www.fw-oebb.at\/wp-content\/uploads\/2020\/10\/20190822-T-4-Ubernahme-neus-KDO-350x263.jpg 350w, https:\/\/www.fw-oebb.at\/wp-content\/uploads\/2020\/10\/20190822-T-4-Ubernahme-neus-KDO-480x360.jpg 480w, https:\/\/www.fw-oebb.at\/wp-content\/uploads\/2020\/10\/20190822-T-4-Ubernahme-neus-KDO-250x188.jpg 250w, https:\/\/www.fw-oebb.at\/wp-content\/uploads\/2020\/10\/20190822-T-4-Ubernahme-neus-KDO-550x413.jpg 550w, https:\/\/www.fw-oebb.at\/wp-content\/uploads\/2020\/10\/20190822-T-4-Ubernahme-neus-KDO-800x600.jpg 800w, https:\/\/www.fw-oebb.at\/wp-content\/uploads\/2020\/10\/20190822-T-4-Ubernahme-neus-KDO-240x180.jpg 240w, https:\/\/www.fw-oebb.at\/wp-content\/uploads\/2020\/10\/20190822-T-4-Ubernahme-neus-KDO-400x300.jpg 400w, https:\/\/www.fw-oebb.at\/wp-content\/uploads\/2020\/10\/20190822-T-4-Ubernahme-neus-KDO-667x500.jpg 667w, https:\/\/www.fw-oebb.at\/wp-content\/uploads\/2020\/10\/20190822-T-4-Ubernahme-neus-KDO.jpg 1600w\" sizes=\"(max-width: 768px) 100vw, 768px\" \/>\t\t\t\t\t\t\t\t\t\t\t\t\t\t\t<\/div>\n\t\t\t\t<\/div>\n\t\t\t\t<div class=\"elementor-element elementor-element-6ec4c55 elementor-widget elementor-widget-spacer\" data-id=\"6ec4c55\" data-element_type=\"widget\" data-e-type=\"widget\" data-widget_type=\"spacer.default\">\n\t\t\t\t<div class=\"elementor-widget-container\">\n\t\t\t\t\t\t\t<div class=\"elementor-spacer\">\n\t\t\t<div class=\"elementor-spacer-inner\"><\/div>\n\t\t<\/div>\n\t\t\t\t\t\t<\/div>\n\t\t\t\t<\/div>\n\t\t\t\t<div class=\"elementor-element elementor-element-3e08a3e elementor-widget elementor-widget-text-editor\" data-id=\"3e08a3e\" data-element_type=\"widget\" data-e-type=\"widget\" data-widget_type=\"text-editor.default\">\n\t\t\t\t<div class=\"elementor-widget-container\">\n\t\t\t\t\t\t\t\t\t<h2>KDO 2<\/h2>\n<table id=\"tablepress-33\" class=\"tablepress tablepress-id-33\">\n<tbody class=\"row-striping row-hover\">\n<tr class=\"row-1\">\n\t<td class=\"column-1\"><strong>Bezeichnung<\/strong><\/td><td class=\"column-2\">KDO 2 &#8211; Kommando Fahrzeug 2<\/td>\n<\/tr>\n<tr class=\"row-2\">\n\t<td class=\"column-1\"><strong>Hersteller\/Marke<\/strong><\/td><td class=\"column-2\">VW Golf Variant<\/td>\n<\/tr>\n<tr class=\"row-3\">\n\t<td class=\"column-1\"><strong>Baujahr<\/strong><\/td><td class=\"column-2\">2020<\/td>\n<\/tr>\n<tr class=\"row-4\">\n\t<td class=\"column-1\"><strong>Aufbauer<\/strong><\/td><td class=\"column-2\">Lins Fahrzeugbau<\/td>\n<\/tr>\n<tr class=\"row-5\">\n\t<td class=\"column-1\"><strong>Mannschaft<\/strong><\/td><td class=\"column-2\">1 : 4<\/td>\n<\/tr>\n<tr class=\"row-6\">\n\t<td class=\"column-1\"><strong>Getriebe<\/strong><\/td><td class=\"column-2\">Schaltgetriebe<\/td>\n<\/tr>\n<tr class=\"row-7\">\n\t<td class=\"column-1\"><strong>Leistung<\/strong><\/td><td class=\"column-2\">85 kW (~ 115 PS)<\/td>\n<\/tr>\n<\/tbody>\n<\/table>\n<!-- #tablepress-33 from cache -->\t\t\t\t\t\t\t\t<\/div>\n\t\t\t\t<\/div>\n\t\t\t\t<div class=\"elementor-element elementor-element-162c1d5 elementor-widget elementor-widget-image\" data-id=\"162c1d5\" data-element_type=\"widget\" data-e-type=\"widget\" data-widget_type=\"image.default\">\n\t\t\t\t<div class=\"elementor-widget-container\">\n\t\t\t\t\t\t\t\t\t\t\t\t\t\t\t<img decoding=\"async\" width=\"768\" height=\"512\" src=\"https:\/\/www.fw-oebb.at\/wp-content\/uploads\/2020\/10\/20201004-T-02-KDO-3-768x512.jpg\" class=\"attachment-medium_large size-medium_large wp-image-3887\" alt=\"\" srcset=\"https:\/\/www.fw-oebb.at\/wp-content\/uploads\/2020\/10\/20201004-T-02-KDO-3-768x512.jpg 768w, https:\/\/www.fw-oebb.at\/wp-content\/uploads\/2020\/10\/20201004-T-02-KDO-3-300x200.jpg 300w, https:\/\/www.fw-oebb.at\/wp-content\/uploads\/2020\/10\/20201004-T-02-KDO-3-1024x683.jpg 1024w, https:\/\/www.fw-oebb.at\/wp-content\/uploads\/2020\/10\/20201004-T-02-KDO-3-1536x1025.jpg 1536w, https:\/\/www.fw-oebb.at\/wp-content\/uploads\/2020\/10\/20201004-T-02-KDO-3-2048x1367.jpg 2048w, https:\/\/www.fw-oebb.at\/wp-content\/uploads\/2020\/10\/20201004-T-02-KDO-3-830x554.jpg 830w, https:\/\/www.fw-oebb.at\/wp-content\/uploads\/2020\/10\/20201004-T-02-KDO-3-230x153.jpg 230w, https:\/\/www.fw-oebb.at\/wp-content\/uploads\/2020\/10\/20201004-T-02-KDO-3-350x234.jpg 350w, https:\/\/www.fw-oebb.at\/wp-content\/uploads\/2020\/10\/20201004-T-02-KDO-3-480x320.jpg 480w, https:\/\/www.fw-oebb.at\/wp-content\/uploads\/2020\/10\/20201004-T-02-KDO-3-250x167.jpg 250w, https:\/\/www.fw-oebb.at\/wp-content\/uploads\/2020\/10\/20201004-T-02-KDO-3-550x367.jpg 550w, https:\/\/www.fw-oebb.at\/wp-content\/uploads\/2020\/10\/20201004-T-02-KDO-3-800x534.jpg 800w, https:\/\/www.fw-oebb.at\/wp-content\/uploads\/2020\/10\/20201004-T-02-KDO-3-270x180.jpg 270w, https:\/\/www.fw-oebb.at\/wp-content\/uploads\/2020\/10\/20201004-T-02-KDO-3-450x300.jpg 450w, https:\/\/www.fw-oebb.at\/wp-content\/uploads\/2020\/10\/20201004-T-02-KDO-3-749x500.jpg 749w\" sizes=\"(max-width: 768px) 100vw, 768px\" \/>\t\t\t\t\t\t\t\t\t\t\t\t\t\t\t<\/div>\n\t\t\t\t<\/div>\n\t\t\t\t\t<\/div>\n\t\t<\/div>\n\t\t\t\t\t<\/div>\n\t\t<\/section>\n\t\t\t\t<\/div>\n\t\t","protected":false},"excerpt":{"rendered":"<p>Damit die Feuerwehr \u00d6BB schnellstm\u00f6glich mit einer ersten Mannschaft im gesamten Bundesland Vorarlberg am Einsatzort ist, verf\u00fcgt die Feuerwehr \u00d6BB \u00fcber 3 [&hellip;]<\/p>\n","protected":false},"author":2,"featured_media":0,"parent":15,"menu_order":0,"comment_status":"closed","ping_status":"closed","template":"","meta":{"ngg_post_thumbnail":0,"footnotes":""},"class_list":["post-3865","page","type-page","status-publish","hentry"],"_links":{"self":[{"href":"https:\/\/www.fw-oebb.at\/index.php\/wp-json\/wp\/v2\/pages\/3865","targetHints":{"allow":["GET"]}}],"collection":[{"href":"https:\/\/www.fw-oebb.at\/index.php\/wp-json\/wp\/v2\/pages"}],"about":[{"href":"https:\/\/www.fw-oebb.at\/index.php\/wp-json\/wp\/v2\/types\/page"}],"author":[{"embeddable":true,"href":"https:\/\/www.fw-oebb.at\/index.php\/wp-json\/wp\/v2\/users\/2"}],"replies":[{"embeddable":true,"href":"https:\/\/www.fw-oebb.at\/index.php\/wp-json\/wp\/v2\/comments?post=3865"}],"version-history":[{"count":19,"href":"https:\/\/www.fw-oebb.at\/index.php\/wp-json\/wp\/v2\/pages\/3865\/revisions"}],"predecessor-version":[{"id":5697,"href":"https:\/\/www.fw-oebb.at\/index.php\/wp-json\/wp\/v2\/pages\/3865\/revisions\/5697"}],"up":[{"embeddable":true,"href":"https:\/\/www.fw-oebb.at\/index.php\/wp-json\/wp\/v2\/pages\/15"}],"wp:attachment":[{"href":"https:\/\/www.fw-oebb.at\/index.php\/wp-json\/wp\/v2\/media?parent=3865"}],"curies":[{"name":"wp","href":"https:\/\/api.w.org\/{rel}","templated":true}]}}