{"id":53,"date":"2018-10-04T18:14:37","date_gmt":"2018-10-04T16:14:37","guid":{"rendered":"http:\/\/wordpress.btf317.at\/?page_id=53"},"modified":"2025-03-04T12:12:55","modified_gmt":"2025-03-04T11:12:55","slug":"die-mannschaft","status":"publish","type":"page","link":"https:\/\/www.fw-oebb.at\/index.php\/die-mannschaft\/","title":{"rendered":"Die Mannschaft"},"content":{"rendered":"<figure id=\"attachment_117\" aria-describedby=\"caption-attachment-117\" style=\"width: 1024px\" class=\"wp-caption aligncenter\"><a href=\"https:\/\/www.fw-oebb.at\/wp-content\/uploads\/2018\/10\/\u00d6BB-FW.Mannschaft2018-006.jpg\" target=\"_blank\" rel=\"noopener noreferrer\"><img fetchpriority=\"high\" decoding=\"async\" class=\"wp-image-117 size-large\" src=\"https:\/\/www.fw-oebb.at\/wp-content\/uploads\/2018\/10\/\u00d6BB-FW.Mannschaft2018-006-1024x683.jpg\" alt=\"\" width=\"1024\" height=\"683\" srcset=\"https:\/\/www.fw-oebb.at\/wp-content\/uploads\/2018\/10\/\u00d6BB-FW.Mannschaft2018-006-1024x683.jpg 1024w, https:\/\/www.fw-oebb.at\/wp-content\/uploads\/2018\/10\/\u00d6BB-FW.Mannschaft2018-006-300x200.jpg 300w, https:\/\/www.fw-oebb.at\/wp-content\/uploads\/2018\/10\/\u00d6BB-FW.Mannschaft2018-006-768x512.jpg 768w, https:\/\/www.fw-oebb.at\/wp-content\/uploads\/2018\/10\/\u00d6BB-FW.Mannschaft2018-006-830x553.jpg 830w, https:\/\/www.fw-oebb.at\/wp-content\/uploads\/2018\/10\/\u00d6BB-FW.Mannschaft2018-006-230x153.jpg 230w, https:\/\/www.fw-oebb.at\/wp-content\/uploads\/2018\/10\/\u00d6BB-FW.Mannschaft2018-006-350x233.jpg 350w, https:\/\/www.fw-oebb.at\/wp-content\/uploads\/2018\/10\/\u00d6BB-FW.Mannschaft2018-006-480x320.jpg 480w, https:\/\/www.fw-oebb.at\/wp-content\/uploads\/2018\/10\/\u00d6BB-FW.Mannschaft2018-006.jpg 2048w\" sizes=\"(max-width: 1024px) 100vw, 1024px\" \/><\/a><figcaption id=\"caption-attachment-117\" class=\"wp-caption-text\">Mannschaftsfoto in Bludenz am 17.5.2018<\/figcaption><\/figure>\n<p>Per 31.12.2024 bel\u00e4uft sich der Mannschaftsstand der Feuerwehr \u00d6BB auf 72 Mitgliedern. Diese teilen sich wie folgt auf:<\/p>\n<ul>\n<li>66 Mitglieder im Aktivstand (Aufgeteilt auf alle St\u00fctzpunkte im Bundesland Vorarlberg)<\/li>\n<li>3 Ehrenmitglieder<\/li>\n<li>3 Passivmitglieder<\/li>\n<\/ul>\n<p>Im Alarmfall r\u00fccken die Aktiven Mitglieder in den n\u00e4chstgelegenen St\u00fctzpunkt ein und fahren von dort an den Einsatzort.<\/p>\n","protected":false},"excerpt":{"rendered":"<p>Per 31.12.2024 bel\u00e4uft sich der Mannschaftsstand der Feuerwehr \u00d6BB auf 72 Mitgliedern. Diese teilen sich wie folgt auf: 66 Mitglieder im Aktivstand [&hellip;]<\/p>\n","protected":false},"author":2,"featured_media":0,"parent":0,"menu_order":0,"comment_status":"closed","ping_status":"closed","template":"","meta":{"ngg_post_thumbnail":0,"footnotes":""},"class_list":["post-53","page","type-page","status-publish","hentry"],"_links":{"self":[{"href":"https:\/\/www.fw-oebb.at\/index.php\/wp-json\/wp\/v2\/pages\/53","targetHints":{"allow":["GET"]}}],"collection":[{"href":"https:\/\/www.fw-oebb.at\/index.php\/wp-json\/wp\/v2\/pages"}],"about":[{"href":"https:\/\/www.fw-oebb.at\/index.php\/wp-json\/wp\/v2\/types\/page"}],"author":[{"embeddable":true,"href":"https:\/\/www.fw-oebb.at\/index.php\/wp-json\/wp\/v2\/users\/2"}],"replies":[{"embeddable":true,"href":"https:\/\/www.fw-oebb.at\/index.php\/wp-json\/wp\/v2\/comments?post=53"}],"version-history":[{"count":10,"href":"https:\/\/www.fw-oebb.at\/index.php\/wp-json\/wp\/v2\/pages\/53\/revisions"}],"predecessor-version":[{"id":7327,"href":"https:\/\/www.fw-oebb.at\/index.php\/wp-json\/wp\/v2\/pages\/53\/revisions\/7327"}],"wp:attachment":[{"href":"https:\/\/www.fw-oebb.at\/index.php\/wp-json\/wp\/v2\/media?parent=53"}],"curies":[{"name":"wp","href":"https:\/\/api.w.org\/{rel}","templated":true}]}}

<figure id="attachment_117" aria-describedby="caption-attachment-117" style="width: 1024px" class="wp-caption aligncenter"><a href="https://www.fw-oebb.at/wp-content/uploads/2018/10/ÖBB-FW.Mannschaft2018-006.jpg" target="_blank" rel="noopener noreferrer"><img fetchpriority="high" decoding="async" class="wp-image-117 size-large" src="https://www.fw-oebb.at/wp-content/uploads/2018/10/ÖBB-FW.Mannschaft2018-006-1024x683.jpg" alt="" width="1024" height="683" srcset="https://www.fw-oebb.at/wp-content/uploads/2018/10/ÖBB-FW.Mannschaft2018-006-1024x683.jpg 1024w, https://www.fw-oebb.at/wp-content/uploads/2018/10/ÖBB-FW.Mannschaft2018-006-300x200.jpg 300w, https://www.fw-oebb.at/wp-content/uploads/2018/10/ÖBB-FW.Mannschaft2018-006-768x512.jpg 768w, https://www.fw-oebb.at/wp-content/uploads/2018/10/ÖBB-FW.Mannschaft2018-006-830x553.jpg 830w, https://www.fw-oebb.at/wp-content/uploads/2018/10/ÖBB-FW.Mannschaft2018-006-230x153.jpg 230w, https://www.fw-oebb.at/wp-content/uploads/2018/10/ÖBB-FW.Mannschaft2018-006-350x233.jpg 350w, https://www.fw-oebb.at/wp-content/uploads/2018/10/ÖBB-FW.Mannschaft2018-006-480x320.jpg 480w, https://www.fw-oebb.at/wp-content/uploads/2018/10/ÖBB-FW.Mannschaft2018-006.jpg 2048w" sizes="(max-width: 1024px) 100vw, 1024px" /></a><figcaption id="caption-attachment-117" class="wp-caption-text">Mannschaftsfoto in Bludenz am 17.5.2018</figcaption></figure>
<p>Per 31.12.2024 beläuft sich der Mannschaftsstand der Feuerwehr ÖBB auf 72 Mitgliedern. Diese teilen sich wie folgt auf:</p>
<ul>
<li>66 Mitglieder im Aktivstand (Aufgeteilt auf alle Stützpunkte im Bundesland Vorarlberg)</li>
<li>3 Ehrenmitglieder</li>
<li>3 Passivmitglieder</li>
</ul>
<p>Im Alarmfall rücken die Aktiven Mitglieder in den nächstgelegenen Stützpunkt ein und fahren von dort an den Einsatzort.</p>

<p>Per 31.12.2024 beläuft sich der Mannschaftsstand der Feuerwehr ÖBB auf 72 Mitgliedern. Diese teilen sich wie folgt auf: 66 Mitglieder im Aktivstand [&hellip;]</p>
