{"id":6853,"date":"2024-06-12T14:28:23","date_gmt":"2024-06-12T12:28:23","guid":{"rendered":"https:\/\/www.fw-oebb.at\/?page_id=6853"},"modified":"2024-06-12T14:44:29","modified_gmt":"2024-06-12T12:44:29","slug":"wlf-2-wechselladefahrzeug-2","status":"publish","type":"page","link":"https:\/\/www.fw-oebb.at\/index.php\/wlf-2-wechselladefahrzeug-2\/","title":{"rendered":"WLF 2 &#8211; Wechselladefahrzeug 2"},"content":{"rendered":"\n<table id=\"tablepress-39\" class=\"tablepress tablepress-id-39\">\n<tbody class=\"row-striping row-hover\">\n<tr class=\"row-1\">\n\t<td class=\"column-1\"><strong>Bezeichnung<\/strong><\/td><td class=\"column-2\">WLF2 - Wechselladefahrzeug 2<\/td>\n<\/tr>\n<tr class=\"row-2\">\n\t<td class=\"column-1\"><strong>Hersteller\/Marke<\/strong><\/td><td class=\"column-2\">TATRA 8P6R43<\/td>\n<\/tr>\n<tr class=\"row-3\">\n\t<td class=\"column-1\"><strong>Baujahr<\/strong><\/td><td class=\"column-2\">2023<\/td>\n<\/tr>\n<tr class=\"row-4\">\n\t<td class=\"column-1\"><strong>Aufbauer<\/strong><\/td><td class=\"column-2\">Fa. Lins Fahrzeugtechnik Rankweil<\/td>\n<\/tr>\n<tr class=\"row-5\">\n\t<td class=\"column-1\"><strong>Mannschaft<\/strong><\/td><td class=\"column-2\">1 : 1<\/td>\n<\/tr>\n<tr class=\"row-6\">\n\t<td class=\"column-1\"><strong>h\u00f6chst. zul. Gesamtgewicht<\/strong><\/td><td class=\"column-2\">32 Tonnen<\/td>\n<\/tr>\n<tr class=\"row-7\">\n\t<td class=\"column-1\"><strong>Getriebe<\/strong><\/td><td class=\"column-2\">Automatik<\/td>\n<\/tr>\n<tr class=\"row-8\">\n\t<td class=\"column-1\"><strong>Leistung<\/strong><\/td><td class=\"column-2\">355 kW (~ 480 PS)<\/td>\n<\/tr>\n<tr class=\"row-9\">\n\t<td class=\"column-1\"><strong>Abrollbeh\u00e4lter<\/strong><\/td><td class=\"column-2\">AB WASSER<br \/>\nAB THL<br \/>\nAB TL<br \/>\nAB PRITSCHE<\/td>\n<\/tr>\n<\/tbody>\n<\/table>\n<!-- #tablepress-39 from cache -->\n<p>ngg_shortcode_0_placeholderDas Wechselladefahrzeug (WLF), wurde 2023 von der Firma Lins Fahrzeugtechnik auf einem TATRA Phoenix 8P6R43 aufgebaut. Mit dem universell einsetzbaren Fahrzeug k\u00f6nnen verschiedenste schwere Ger\u00e4tschaften an den Einsatzort entlang der \u00d6BB Strecke im gesamten Bundesland Vorarlberg transportiert werden. Standardm\u00e4\u00dfig ist auf dem Wechselaufbau der Abrollbeh\u00e4lter Wasser (AB-Wasser) verladen. Mit diesem Containeraufbau wird neben diversen wasserf\u00fchrenden Ger\u00e4ten, einer FOX 4 Tragkraftspritze, Beleuchtungs- und Absicherungsmaterial auch 8000 Liter Wasser und 120 Liter Schaum an den Einsatzort transportiert.<\/p>\n<p>&nbsp;<\/p>\n<p>Beladung WLF2:<\/p>\n<ul>\n<li>Multilift HIAB Hooklift<\/li>\n<li>2x Handfunkger\u00e4te<\/li>\n<li>1x Tablet mit LIS Zugang<\/li>\n<li>diverses Material f\u00fcr Verkehrsabsicherung<\/li>\n<li>Werkzeugkoffer<\/li>\n<li>Schiebeleiter<\/li>\n<li>Feuerl\u00f6scher<\/li>\n<\/ul>\n","protected":false},"excerpt":{"rendered":"<p>Das Wechselladefahrzeug (WLF), wurde 2023 von der Firma Lins Fahrzeugtechnik auf einem TATRA Phoenix 8P6R43 aufgebaut. Mit dem universell einsetzbaren Fahrzeug k\u00f6nnen [&hellip;]<\/p>\n","protected":false},"author":2,"featured_media":0,"parent":0,"menu_order":0,"comment_status":"closed","ping_status":"closed","template":"","meta":{"ngg_post_thumbnail":0,"footnotes":""},"class_list":["post-6853","page","type-page","status-publish","hentry"],"_links":{"self":[{"href":"https:\/\/www.fw-oebb.at\/index.php\/wp-json\/wp\/v2\/pages\/6853","targetHints":{"allow":["GET"]}}],"collection":[{"href":"https:\/\/www.fw-oebb.at\/index.php\/wp-json\/wp\/v2\/pages"}],"about":[{"href":"https:\/\/www.fw-oebb.at\/index.php\/wp-json\/wp\/v2\/types\/page"}],"author":[{"embeddable":true,"href":"https:\/\/www.fw-oebb.at\/index.php\/wp-json\/wp\/v2\/users\/2"}],"replies":[{"embeddable":true,"href":"https:\/\/www.fw-oebb.at\/index.php\/wp-json\/wp\/v2\/comments?post=6853"}],"version-history":[{"count":14,"href":"https:\/\/www.fw-oebb.at\/index.php\/wp-json\/wp\/v2\/pages\/6853\/revisions"}],"predecessor-version":[{"id":6943,"href":"https:\/\/www.fw-oebb.at\/index.php\/wp-json\/wp\/v2\/pages\/6853\/revisions\/6943"}],"wp:attachment":[{"href":"https:\/\/www.fw-oebb.at\/index.php\/wp-json\/wp\/v2\/media?parent=6853"}],"curies":[{"name":"wp","href":"https:\/\/api.w.org\/{rel}","templated":true}]}}